ue
Let z(k) = -k - 3. Let s be z(-3). Let t be 3 - 6 - (157 + s). Let b = t + 249. Is b prime?
True
Suppose 108*z - 490 = 113*z. Let h = 225 + z. Is h prime?
True
Let g be 4/3 + (-20)/(-30). Suppose g*r = r. Suppose 7*m - 273 - 84 = r. Is m prime?
False
Suppose -11*s + 8 = -7*s. Suppose -s = w - 2*w. Suppose -t + 290 = -g, 5*t - 3*t + w*g - 592 = 0. Is t a composite number?
False
Suppose -2*a - 3*j - 4 = 0, -5*a + 3*j + j = -36. Suppose -511 - 1007 = -y + a*m, 0 = -2*m + 4. Is (-14)/(-28) + y/4 a prime number?
False
Suppose -28*q = -32*q + 1796. Suppose 0 = -5*d + 20, v + 96 = -4*d + q. Is v prime?
True
Let f(a) = 114*a**2 - 15*a + 82. Is f(5) prime?
True
Let b(i) be the second derivative of -i**6/36 + 7*i**5/120 + 5*i**4/12 + 3*i. Let n(c) be the third derivative of b(c). Is n(-9) prime?
False
Suppose -242*t + 192*t + 2150 = 0. Is t composite?
False
Is (1/3)/(65/4186065) a composite number?
False
Suppose -q - 2*q + 7748 = -a, 4*q = a + 10330. Suppose 4*h + 2*t = 5164, -2*h - t = -3*t - q. Is h prime?
True
Let a(h) = -77*h + 38. Let n be a(-7). Let d = n + -56. Is d a prime number?
True
Let q(g) = -13*g**2 - 11*g - 6. Let m be q(-8). Let l = 1627 + m. Is l a composite number?
False
Let q(t) = 2*t**2 + 16*t + 1. Suppose 3*d + 20 + 37 = 0. Is q(d) prime?
True
Suppose 4*p = -4 + 20. Is 5355/12 - ((-3)/p - -1) a prime number?
False
Let a be (-5)/((-5)/(-8)) - 2. Let t = 12 + a. Suppose -t*x + 7*x + 2*j - 193 = 0, -2*j - 66 = -2*x. Is x a composite number?
False
Let r(l) = -1532*l + 16. Let q be r(-7). Suppose 0 = -15*h + 3*h + q. Is h a composite number?
True
Let j = 16 - 14. Suppose -j*b - 3438 = -5*z, 3*b = 2*z - 4*z + 1360. Let n = z - 355. Is n a prime number?
True
Suppose -6664 = -4*r + s, -3*s - 2*s - 20 = 0. Let v be (-2)/6*r/(-5). Suppose -4*j = -v + 23. Is j a composite number?
True
Let q = 80 - 32. Suppose -q = -2*s + 110. Is s a composite number?
False
Let c(i) = 1887*i**2 + 36*i + 1. Is c(-2) a composite number?
False
Is (-188)/(-6)*6*99/36 composite?
True
Let x(j) = 421*j**2 + 7*j - 13. Is x(2) a prime number?
False
Let m be 38/171 + (-50)/(-18). Suppose -2*u + 839 = 5*y, 2*y + m*u - 336 = 2*u. Is y prime?
True
Let a be (-1)/1 - (-6)/1. Let z be 2/3 - (-6 - 28/(-6)). Suppose -g - g = z*y - 236, g - 98 = -a*y. Is g a composite number?
True
Let u(f) = -10*f - 7. Let y(i) be the second derivative of 5*i**3 + 21*i**2/2 - 5*i. Let g(n) = -17*u(n) - 6*y(n). Is g(-5) a prime number?
True
Let i = -1254 - -3092. Let b = -715 + i. Suppose -2*j = -3813 + b. Is j prime?
False
Let d(p) = 34*p**2 - p + 13. Let o be d(-5). Suppose 0*b + 2*b - o = -4*t, 0 = 5*b - 20. Is t composite?
True
Let z(p) = 2*p**3 - 16*p**2 + 14*p + 1. Let w(t) = 5*t**3 - 33*t**2 + 27*t + 3. Let q(j) = 3*w(j) - 7*z(j). Is q(-13) prime?
True
Let w be 0 - (0 + -764) - 2. Suppose -4*p = -10*p + w. Is p composite?
False
Let j be (-8)/(4/1) - -5. Suppose -4 = v - j*v. Suppose -5*l = i - 102, -50 - 109 = -v*i - l. Is i prime?
False
Suppose 4*h - 22439 = -w, -27*h = -23*h + 2*w - 22434. Is h composite?
True
Is (3/4)/((-270)/(-2778120)) a composite number?
False
Let m(b) = 6*b**3 - 4*b**2 - b + 59 + 0*b - 44. Is m(4) composite?
False
Suppose -4*f = -k - 16, 0 = 3*k - 2*f + 12 + 6. Is (71028/(-54))/(k/6) a prime number?
True
Let x be 14/21 - 23/3. Let w be (-1486)/x - 16/56. Suppose -8*g = -4*g - w. Is g a prime number?
True
Suppose -6*j = 3*b - j, -5*b = -2*j. Suppose b = 14*s - 0*s - 71358. Is s a prime number?
False
Is -35852*(12/48 - 2) prime?
False
Suppose -2*o = -4*n + 76, n + 96 = 5*n + 3*o. Let p = n - 19. Is p/4 + (-365)/(-2) prime?
False
Suppose 61216 = 2*x - 4*q, 5*x - 150497 = 2*q + 2567. Is x a composite number?
True
Let n(t) = 1290*t**2 + 13*t + 19. Is n(-6) prime?
True
Let l(d) be the third derivative of d**5/60 + d**4/4 - 5*d**3/6 + 7*d**2. Let w be l(-7). Suppose -g = 4*g + n - 439, 2*n = -w*g + 182. Is g a composite number?
True
Suppose -27*v = -115115 - 326632. Is v a composite number?
False
Suppose -282*s = -275*s - 63637. Is s composite?
False
Let x(a) = -286*a - 931. Is x(-62) prime?
False
Let v be 0 + (-2)/1 + 7. Let r be (6/v)/(16/40). Is -1 + (136 - (r - 2)) prime?
False
Let p(o) = -o**3 + o**2 - o + 127. Let i be p(0). Let t = i + -74. Suppose -303 - t = -4*l. Is l composite?
False
Suppose -4*h = 4*o + 4, -3*h + 3 - 2 = 5*o. Suppose k = -n + o, n + 2*k = -3*n + 2. Is 3 - (820/n)/2 prime?
False
Suppose 2*p - 48 = -0*p + 4*o, 3*o = -9. Let c = p - 13. Suppose 111 = c*h + 4*d, -3*h - 4*d = -h - 54. Is h composite?
False
Let p(y) = 1135*y**2 + 7*y + 9. Let k be p(-4). Suppose f - k = -0*c - 3*c, -4*f = 3*c - 72582. Is (f/92)/(3/4) a prime number?
True
Is 0 - (-2)/4*2122 prime?
True
Let p(a) = 4*a**2 - 5*a - 3 + 1 - 3*a + 6*a. Let n be p(-1). Suppose s - n*s = -573. Is s prime?
True
Suppose 0 = 6*i + 8188 - 181342. Is i a composite number?
False
Let p(l) = 2*l**2 - 4*l + 11127. Is p(0) prime?
False
Let x = 102 - 106. Is (-242)/x + -7 - 2/4 composite?
False
Let y be (74/(-4))/(3/6). Let l = y + 63. Suppose 0 = -3*f - 2*v + 17, -4*f = 2*v - l + 2. Is f composite?
False
Suppose -6*y - 14 = -5*y. Let b = 13 + y. Is 59/1*(2 + b) a prime number?
True
Is 14/35 - (-1 + (-13989)/15) composite?
True
Let j(a) = -2*a**2 + 25*a + 24155. Is j(0) prime?
False
Let n(o) = 47*o**2 + 3*o - 3. Let s be -6 - 4/(-8)*-4. Let a = s - -10. Is n(a) a prime number?
True
Let d = 40 - 34. Suppose 5*r = d*r - 541. Is r a composite number?
False
Let f(q) = q**2 + 5*q - 1. Let u be f(-6). Let s be ((-630)/(-84))/(13/6 - 2). Suppose 0 = -0*w + u*w - s. Is w composite?
True
Let d(t) = 3*t**2 + 7*t - 1. Let a be d(-3). Suppose 0 = a*g - 10, -j - 3*g = -2*g - 379. Is j prime?
False
Let i = 3905 + -2468. Is i composite?
True
Suppose -19*w + 13686 = -1153. Is w prime?
False
Suppose 0 = -o - o, 5*o + 62 = t. Is (48/(-16))/((-6)/t) a prime number?
True
Let l(b) = 5*b**3 - 12*b**2 + 3*b - 75. Is l(10) prime?
False
Let v = -39 + 51. Is (-6)/v - (-111)/2 prime?
False
Let c = -1207 + 9356. Is c a prime number?
False
Let t = 50999 - 20052. Is t composite?
True
Let t be (1338/4)/(2/20). Suppose -t = -r - 4*r. Suppose 3*j - r = -0*j. Is j a composite number?
False
Let c(r) = 9*r. Let k(o) = -14*o. Let q(v) = 8*c(v) + 5*k(v). Let g be q(2). Suppose 2*a = g*s + 826, -1625 = -3*a + 5*s - 383. Is a prime?
True
Let b = 4538 - 2203. Is b a composite number?
True
Let b be 0*(-2)/4 - -1. Let w(s) = 2*s**2 + 1. Let t be w(b). Suppose k - t*k + 118 = 0. Is k a prime number?
True
Suppose 8419 = 4*s - 3*l, -4*s + l + 4*l + 8429 = 0. Is s a composite number?
True
Suppose 4*u - 9 = -25. Is -2*(-3 + 306/u) prime?
False
Let s be (1167/6 - 2)*4. Suppose 0 = u - n - 188, -2*u - s = -6*u - 2*n. Is u a prime number?
True
Is (-13 - -11) + (2 - -1553) prime?
True
Let y = 87 - 81. Suppose -10211 = -y*o - 3917. Is o prime?
True
Let i(z) = -23*z**2 + 7. Let j be ((-2)/4)/((-9)/(-90)). Let d be i(j). Let u = d - -885. Is u a prime number?
True
Let i = 2319 - 682. Is i composite?
False
Suppose -3*k - 2*n = -21, -5 = 4*k - 8*k + 5*n. Suppose 10*t = z + 5*t + 5, z = -5*t + k. Suppose -4*p + 1365 = 5*q, z = -4*p + q + 196 + 1139. Is p prime?
False
Let u(m) = -m**3 + 16*m**2 - 16*m - 48. Is u(11) a composite number?
True
Let w = -6056 - -13189. Is w prime?
False
Let n be 69/(-6) + (-10)/(-4). Let j(y) = -y. Let r be j(1). Is (n/6 - r)*-254 a composite number?
False
Suppose -4*j + 37 - 49 = 0. Is (-3)/((j/(-1))/(-21)) + 1 a prime number?
False
Let a be 0/11 - (-1 - -7). Suppose 3*t + 762 = 5*t. Is (t/a)/(3/(-42)) prime?
False
Let w be (12/10)/(((-6)/(-15))/(-2)). Let l(u) = -1 + 9*u + 0*u + 6*u**2 - 15*u. Is l(w) composite?
False
Let r(m) be the third derivative of 1/10*m**5 + 0 + 0*m + 3*m**2 + 1/6*m**4 + 1/6*m**3. Is r(-3) a prime number?
True
Let m(v) = -3*v - 40. Let g be m(-14). Suppose -d + 2*x = -1389, -1237 = -g*d - x + 1561. Is d a composite number?
True
Suppose 6103 = 4*z - 1005. Is z a composite number?
False
Suppose s - 424 = -40. Let g = s + 493. Is g composite?
False
Let w(k) = 244*k**2 + 45*k + 2. Is w(3) prime?
True
Let h = -70 - -93. Suppose 5*k + h - 3958 = 0. Is k a composite number?
False
Suppose -21*j = -19*j. Suppose 8*g - 16*g + 22384 = j. Is g prime?
False
Let l(c) = 83*c**3 - 13*c**2 - 15*c - 8. Is l(7) a prime 